= -5*f + 4*l - 25, -26 = 3*f + l + 6. Let h = z - f. What is the units digit of h?
1
Suppose -3*o + 26209 = 4*m, -m - 11920 = -3*o + 14299. What is the tens digit of o?
3
Suppose 4*v - 248920 = 5*x, 23*v - 16*v + 4*x - 435559 = 0. What is the thousands digit of v?
2
Suppose -5*k - 65 = 3*f - 6*f, 5*f = -k + 155. Let d(v) = -v**2 + 13*v - 12. Let u be d(15). What is the hundreds digit of u/(-18)*f*3?
2
Let s(c) = -5*c**3 - c**2 - 21*c + 43. Let k be s(15). What is the units digit of -2*k/48 + (-1)/(-6)?
4
Let p = 20 - 13. Let a be (-1 + p)/(8/12*3). Suppose 0*g - a*g - 88 = -r, -2*r + 2*g = -188. What is the units digit of r?
7
Let i(q) = 85*q**2 - 20*q + 63. What is the thousands digit of i(-19)?
1
What is the tens digit of 4/(-224)*4 - 1065213/(-126)?
5
What is the units digit of 206/(-309) + (-46082)/(-3)?
0
Suppose -8*w - 76 = -292. Let g be 7/(21/w)*(-48)/(-2). Suppose 2*b - 116 = -0*b - 3*q, -4*b + 2*q + g = 0. What is the units digit of b?
5
Suppose 0 = 6*j + 29 + 25. Let x(f) = -f**2 + 13*f + 8. Let t be x(14). What is the tens digit of (-570)/j - 4/t?
6
Suppose 2 = -2*p + 12, 0 = -2*o - 3*p + 251. Let x = o + -64. Suppose 2*y = 5*b - 66, -y - y = 5*b - x. What is the units digit of b?
2
Let r = 14277 + -10063. Suppose 0 = 55*g - 62*g + r. What is the units digit of g?
2
Let l = 40 - 19. Let q(p) = p**2 + l + 0*p - p + 6*p + 5*p. What is the tens digit of q(-9)?
1
Let y = 664 + -476. Let a = y + 10. What is the hundreds digit of a?
1
Suppose 429 - 119 = 10*x. Suppose x*m - 3222 = 22*m. What is the tens digit of m?
5
Suppose j - 22 = -5*m - 9, 0 = -2*m + 5*j + 16. Let q(r) = -5*r + 241*r**2 + m + 2*r - 141*r**2. What is the hundreds digit of q(1)?
1
Suppose 4*n - 3 = 13, -v + 4*n = 20. Let w be (64/40)/(5/((-50)/v)). Suppose 5*z + 365 = w*j + 4*z, -4*j + 374 = 2*z. What is the tens digit of j?
9
Let s be (0/4 + 2)*2. Suppose 14 = -s*g + 22. Suppose g*i = -7*i + 495. What is the tens digit of i?
5
Suppose 0 = 4*a - 16, m + 2*a = 2*m - 278. Let g be (m - (-2 - -7))*17. Suppose 0 = 18*d - g + 1069. What is the units digit of d?
6
Let w be -1 + 1*6 - (-10369380)/49. What is the tens digit of 4/(-26) + w/325?
5
Suppose 185*t - 430*t + 45970465 = 384*t. What is the tens digit of t?
8
Let c = 11 - 8. Let n be (15 + -200)*c/5. What is the units digit of n*7*4/(-12)*1?
9
Let b(y) be the third derivative of y**5/60 + 4*y**4 + 2*y**3/3 + 106*y**2. What is the units digit of b(15)?
9
Let z = -1750 - -7133. What is the thousands digit of z?
5
What is the tens digit of (1177 - -10) + (-26)/(-2)?
0
Suppose r - 3 = 1. What is the tens digit of -5 + (-2292)/((-24)/r)?
7
Suppose 2*i - 12 = f, -4*f - 48 = -i - 28. Suppose -9*x = -10*x + 2*w + 960, 3890 = i*x + 2*w. What is the units digit of x?
0
Let w(i) = -7*i + 81. Let s be w(11). Suppose -3*g + 4*r + 201 = 0, r = -s*g - 3*r + 240. What is the units digit of g?
3
Suppose -3*u = 3*l - 43557, -l + 3*u = -2*u - 14543. What is the ten thousands digit of l?
1
Let j = 127 - 121. Suppose 2*s + 3*l = -18, 2*s - j*l = -l - 2. Let o(n) = -9*n + 7. What is the units digit of o(s)?
1
Let s = -7880 - -11284. What is the hundreds digit of s?
4
Suppose 0 = -21*a + 74387 + 1444963. What is the units digit of a?
0
Let l(o) = 2*o**3 - 15*o**2 + 2*o - 22. Let a be 8/(-12)*-5*3. What is the hundreds digit of l(a)?
4
Let p(o) = o**3 + 80*o**2 + 104*o + 2143. What is the ten thousands digit of p(-75)?
2
Let d(n) = -n**3 + n**2 - 1. Let y(g) = 5*g**3 + 8*g**2 + 10*g - 11. Suppose 13*k - 6 = 7*k. Let t(f) = k*y(f) + 4*d(f). What is the units digit of t(-8)?
1
Let r be 2/7 + 130/(-14). Let g be (r - -8)/((-2)/(-2344)). What is the units digit of (-40)/(-140) - (2 + g/14)?
2
Suppose 5*o = -p - 1, 2*p + 2 + 0 = 0. Suppose 18*m - 19*m + 3*w + 472 = o, m = 5*w + 470. What is the hundreds digit of m?
4
Let c(f) be the second derivative of -20*f + 0 + 5/2*f**2 + 1/12*f**4 + 1/20*f**5 - 5/6*f**3. What is the units digit of c(2)?
7
Let u(w) = 140*w - 12. Let h be -4*1 + (15 - 9). What is the units digit of u(h)?
8
Suppose 448*r - 1152396 = 210*r. What is the thousands digit of r?
4
Suppose 14*h + 14746 = 15*h - o, 3*o + 73734 = 5*h. What is the ten thousands digit of h?
1
Let g be ((-676)/(-10))/((-2)/(-30)). Suppose -20*q - 7197 = -7557. What is the units digit of (g/(-3) - 1)*(-12)/q?
6
Let n(k) = -k**3 - 24*k**2 - 85*k - 1409. What is the units digit of n(-23)?
7
Let w be (-2)/(8/(-726))*960/90. Suppose 5*b - 2*i - 2443 = 0, 4*i - i = -4*b + w. What is the hundreds digit of b?
4
Let s(v) = -v**2 + v + 1. Let k(r) = -7*r**2 + 33*r + 11. Let p(l) = -k(l) - s(l). What is the tens digit of p(-5)?
5
Suppose 253*t = 250*t + 15, 4*v - 3*t = 268685. What is the units digit of v?
5
Let h(v) = 379*v**2 + 344*v - 270. What is the tens digit of h(14)?
3
Suppose 221 = -4*p - 183. Let x = 446 + p. Let c = -201 + x. What is the hundreds digit of c?
1
Let l(g) = 15*g**2 - 241*g + 121. What is the thousands digit of l(42)?
6
Let d(t) = 2*t**2 - 68*t + 68. Let p be d(33). Suppose -426 = -2*r - 4*h, 0*r = -p*r + 4*h + 386. What is the units digit of r?
3
Let i(b) = 76*b**2 + 9*b + 7. Let h be i(-2). Let w = h - 152. What is the hundreds digit of w?
1
Let p = 109 - 105. Suppose 0 = -u + 4*u + 2*f - 3231, -f = -p*u + 4297. What is the hundreds digit of u?
0
What is the thousands digit of (137/(-411) + (-1)/((-6)/1040))*134?
3
Suppose 3*b = 92*i - 88*i - 18677, 5*i - 23416 = -4*b. What is the thousands digit of i?
4
Suppose 0 = -2*r - 3*m, -3*m + 2*m - 5 = -r. Suppose r*w - 17 = -8. Suppose 5*n - 747 = 2*h - 34, -w*n - h = -419. What is the hundreds digit of n?
1
Let q(n) = -n**2 - 3*n. Let k be q(-3). Suppose h - 4*u = -0*h, k = u. Suppose h = -2*c - c + 153. What is the units digit of c?
1
Let p be 19334/4 - (-5)/10. Suppose 6*q = p - 448. What is the tens digit of q?
3
Let r = 118 - 102. Let t be 20/3 + r/48. Suppose t*z = 8*z - 140. What is the hundreds digit of z?
1
Let k = -58 + 63. Suppose 4*o - j - 552 = -3*j, k*j - 407 = -3*o. Suppose -2*z + 15 = -o. What is the tens digit of z?
7
Let g(j) = 275*j + 444. What is the tens digit of g(23)?
6
Let y be -4*5/(-100)*25. Suppose -h = -y*d - 919, d - 2*h = -0*h - 191. Let c = 14 - d. What is the hundreds digit of c?
1
Let p = 16 + 0. Suppose -2*b + 3*q + 4 = 0, 0*q = -4*q + p. Suppose -11*o + b*o = -483. What is the units digit of o?
1
Let l be (-9)/(((-84)/(-8))/3 - 2). Let c be (-8)/14*l/(-12)*-14. Suppose -3*t - 13 = -v, -5*t = -c*v - 9 + 40. What is the units digit of v?
4
Suppose 0 = b + 4, -14*c - 10104 = -16*c + 5*b. What is the tens digit of c?
4
Let s be 4/(8/51) - 28/(-56). Suppose -36*l + s*l = -3480. What is the hundreds digit of l?
3
Suppose 2*o = -f - 1247, -3*f - 634 = -2*o + 3083. Let t = 2131 + f. What is the tens digit of t?
9
Let l(h) be the first derivative of -h**3/3 + 17*h**2/2 - 28*h - 10. Let m be l(14). Let d(c) = c**3 - 13*c**2 - 14*c + 24. What is the units digit of d(m)?
4
Let w be 0/3 + 8/(-2). Let a(o) = -3*o**3 - 2*o**2 + 7*o + 9. Let l be a(w). Suppose -3*t - l + 414 = -2*j, -4*j + 477 = 5*t. What is the tens digit of t?
9
Let i = 644 + 414. Let z = i + -299. What is the units digit of z?
9
Let j(n) = n**2 + 417*n - 2304. What is the thousands digit of j(120)?
2
Let g(o) = -o**3 - o**2 + o - 11. Let a be g(4). Let j = a + 87. Suppose -3*w = 5*m - 611, 3*w - 2*m - 471 - 154 = j. What is the tens digit of w?
0
Let k(x) = 5*x - 41. Suppose 5*j = -5*y - 5, -5*y + 5*j = -0*j - 5. Let z be k(y). What is the tens digit of (z/(-4))/((57/36)/19)?
2
Let q(c) = 42*c**3 + c**2 + 8*c - 2. Let y be (8/16)/(1/4). What is the units digit of q(y)?
4
Let c(z) = 675*z - 379. What is the tens digit of c(10)?
7
Suppose 4*v + 4 = -12, -4*a + 4668 = 4*v. What is the thousands digit of a?
1
Suppose x + 5*h - 6 = -2*x, -x = 5*h - 2. Let c be 0*2/(-10) - x. What is the units digit of (18 - 8)*39/2 - c?
7
Suppose 54 = -3*x - 4*z, -59 - 45 = 5*x + 2*z. Let n be x/(-6) + (4 - (-88)/(-24)). Suppose -3*w + n*w = a - 33, 99 = 3*a - 5*w. What is the tens digit of a?
3
Let u(d) = -201*d - 2 - 8 - 7 + 9 - 9. What is the units digit of u(-3)?
6
Suppose 0*q - 25*q = 6*q - 412889. What is the ten thousands digit of q?
1
Let d(p) = p**3 - 19*p**2 - 14*p - 52. Let y = 135 + -115. What is the units digit of 